. What is c(-1)?
-201
Let q(v) = v**3 + 7*v**2 - 192*v + 24. Give q(-17).
398
Let a(c) = 50*c**2 - 60*c - 55. Calculate a(-1).
55
Let b(p) = 10*p + 70. What is b(-7)?
0
Let q(o) = o**3 - 28*o**2 - 31*o + 184. Determine q(29).
126
Let j(d) = 50*d - 429. Determine j(0).
-429
Let t(n) = n**2 + 8*n + 47. Calculate t(0).
47
Let p(k) = -k**2 + 114*k + 2679. What is p(-20)?
-1
Let w(j) = 9*j**2 + 116*j + 361. Give w(-4).
41
Let h(b) = -6*b + 377. Give h(8).
329
Let h(z) = 36*z - 128. Give h(3).
-20
Let m(z) = -12*z**2 - 158*z - 24. Calculate m(-12).
144
Let z(i) = -4*i**2 + 34*i + 165. Calculate z(12).
-3
Let a(u) = -u**2 + 114*u + 81. Calculate a(115).
-34
Let s(y) = -y**3 - 51*y**2 + 8*y - 2288. Give s(-52).
0
Let h(x) = x**3 + 9*x**2 + 5*x - 42. Determine h(-8).
-18
Let i(m) = m**3 + 4*m**2 + 184*m + 727. Determine i(-4).
-9
Let a(s) = 3*s**2 - 39*s + 57. Give a(9).
-51
Let j(o) = -5*o - 338. What is j(-20)?
-238
Let o(k) = -258*k - 10844. Calculate o(-42).
-8
Let j(p) = -41*p - 632. What is j(-18)?
106
Let b(i) = 80*i - 268. Determine b(7).
292
Let z(v) = -16*v - 517. Determine z(-79).
747
Let j(w) = 1703*w - 32351. Calculate j(19).
6
Let k(w) = 43*w + 1278. Calculate k(-29).
31
Let u(n) = -n**3 + 34*n**2 + 39*n - 54. Give u(35).
86
Let u(v) = 22*v + 17. Give u(0).
17
Let h(p) = p**2 + 19*p - 1. Determine h(-4).
-61
Let q(a) = -a**2 + 11*a - 27. What is q(0)?
-27
Let m(i) = 28*i**2 - 2269*i + 75. Calculate m(81).
-6
Let j(r) = -108*r + 4642. Determine j(43).
-2
Let n(f) = 541*f + 3889. What is n(-7)?
102
Let m(k) = 98*k + 10. What is m(2)?
206
Let a(c) = -5*c**2 + 49*c - 31. Determine a(8).
41
Let j(o) = 58*o - 665. Calculate j(13).
89
Let k(w) = 2*w**2 + 79*w + 158. What is k(-37)?
-27
Let y(v) = 2*v**3 - 5*v**2 + 248*v + 527. Determine y(-2).
-5
Let k(s) = s**3 + 22*s**2 + 81*s + 31. Calculate k(-4).
-5
Let i(n) = -9*n**2 + 18*n - 85. Calculate i(7).
-400
Let y(k) = 26*k - 349. Calculate y(17).
93
Let a(o) = -10*o**3 - 5*o**2 - 3*o + 8. What is a(-4)?
580
Let n(f) = -4*f**3 + 47*f**2 - 48*f + 109. Determine n(11).
-56
Let t(j) = -3*j**3 + 95*j**2 + 34*j + 28. What is t(32)?
92
Let w(o) = 38*o + 2268. What is w(-60)?
-12
Let w(j) = 2*j**3 + j**2 - 86*j + 42. Calculate w(-7).
7
Let f(x) = -x**3 - 20*x**2 - 49*x - 1483. Give f(-21).
-13
Let i(y) = 104*y**3 - 8*y**2 - 9*y + 3. What is i(-2)?
-843
Let c(h) = 31*h - 386. Calculate c(0).
-386
Let o(s) = 21*s + 242. Determine o(-12).
-10
Let m(c) = -59*c + 4249. Calculate m(72).
1
Let t(h) = 26*h - 202. Determine t(10).
58
Let l(c) = c**3 - 13*c**2 + 8*c + 52. What is l(13)?
156
Let s(u) = 2*u + 1. Calculate s(20).
41
Let y(r) = r**2 + 97*r + 2123. Give y(-35).
-47
Let n(f) = -54*f - 1969. Give n(-34).
-133
Let i(g) = -85*g + 7740. Calculate i(91).
5
Let z(y) = -2*y**3 + 7*y**2 - 17*y - 75. Determine z(-4).
233
Let m(s) = 413*s - 14037. Calculate m(34).
5
Let v(h) = 267*h - 6933. What is v(26)?
9
Let g(t) = 5*t**2 - 4258*t - 4257. What is g(-1)?
6
Let y(n) = 30*n + 1809. Give y(-61).
-21
Let d(w) = 1021*w + 1034. Give d(-1).
13
Let k(a) = 2*a**3 - 23*a**2 + 8*a - 241. Give k(12).
-1
Let k(m) = 103*m**3 - 616*m**2 - 4*m - 49. Calculate k(6).
-1
Let c(d) = 105*d - 370. Give c(6).
260
Let w(g) = 3*g**3 + 7*g**2 - 5*g - 13. What is w(4)?
271
Let m(t) = 9*t**2 + 78*t - 127. Calculate m(-10).
-7
Let b(y) = -3*y + 15. What is b(3)?
6
Let z(a) = 13*a - 247. Calculate z(-37).
-728
Let v(r) = 2*r**3 - 45*r**2 - 25*r - 2. Calculate v(23).
-48
Let f(d) = 4*d**3 - 2*d**2 + d + 2. Determine f(2).
28
Let d(u) = 9*u**2 - 23*u. Calculate d(1).
-14
Let i(s) = -s**3 - s**2 - 16*s - 104. Calculate i(-4).
8
Let g(c) = -c**2 - 41*c + 467. Give g(-31).
777
Let s(n) = -n**2 - 62*n - 381. What is s(-7)?
4
Let x(h) = 2*h**3 + 164*h**2 - 517*h - 593. What is x(-85)?
2
Let o(j) = -2*j - 347. Give o(-46).
-255
Let z(j) = -j**3 + 3*j**2 + 24*j + 13. Determine z(7).
-15
Let i(c) = -3*c**3 + 9*c**2 - 17*c + 9. Calculate i(3).
-42
Let c(p) = p**2 + 126*p + 3838. Give c(-49).
65
Let u(x) = -x**2 + 25*x + 36. What is u(26)?
10
Let y(f) = 31*f - 1865. Calculate y(60).
-5
Let g(h) = -h**3 - 15*h**2 - 107*h - 827. Calculate g(-12).
25
Let x(c) = 3*c**3 + 26*c**2 + 25*c + 315. Determine x(-9).
9
Let n(v) = 174*v + 1051. Give n(-6).
7
Let p(y) = 629*y + 1249. Calculate p(-2).
-9
Let v(r) = 560*r + 552. Give v(-1).
-8
Let d(a) = -57*a - 525. Determine d(-16).
387
Let f(w) = -692*w - 12456. Give f(-18).
0
Let j(x) = x**2 - 55*x + 132. Give j(10).
-318
Let d(p) = 139*p + 74. Calculate d(-2).
-204
Let j(r) = -r**2 + 55*r + 589. Calculate j(-10).
-61
Let c(u) = -81*u - 341. Calculate c(-4).
-17
Let z(v) = -67*v**2 - 24*v - 1. What is z(-1)?
-44
Let r(i) = -200*i**3 - 7*i + 5. Give r(1).
-202
Let i(c) = -c**2 + 96*c - 1756. Calculate i(25).
19
Let k(p) = 82*p**2 - 978*p - 72. Give k(12).
0
Let n(j) = -j**3 - 12*j**2 - 19*j + 56. Determine n(-11).
144
Let f(d) = d**2 - 43*d - 10. Determine f(45).
80
Let o(m) = 3*m**2 - 272. Give o(8).
-80
Let l(t) = -10*t**2 + 103*t - 724. What is l(7)?
-493
Let w(s) = -2*s**2 + 215*s - 1395. What is w(7)?
12
Let u(d) = -d**2 - 81*d + 162. Give u(2).
-4
Let d(h) = -20*h**2 - 18*h - 7. Give d(-3).
-133
Let d(k) = 29*k**2 - 33*k + 108. What is d(3)?
270
Let j(k) = 2*k**2 + 20*k + 38. Determine j(-6).
-10
Let q(n) = n**3 + 41*n**2 - 40*n + 91. What is q(-42)?
7
Let d(m) = -m**3 - 8*m**2 + 191*m - 331. What is d(9)?
11
Let j(z) = -40*z + 914. Give j(22).
34
Let i(d) = d**2 - 5*d - 67. What is i(-5)?
-17
Let s(p) = 48*p - 431. Determine s(8).
-47
Let g(b) = 54*b**2 - 304*b - 111. Calculate g(6).
9
Let f(m) = 27*m - 951. Calculate f(30).
-141
Let p(a) = -113*a + 2710. Give p(24).
-2
Let n(j) = 158*j - 7306. Give n(46).
-38
Let p(g) = 6*g + 157. Determine p(-20).
37
Let j(g) = g**3 + 21*g**2 + 224*g + 3556. Determine j(-19).
22
Let j(q) = -2*q**3 + q**2 + 29*q - 155. Calculate j(4).
-151
Let f(m) = 15*m**3 + 5*m**2 + 36*m + 34. Give f(-1).
-12
Let u(x) = x**3 + 174*x**2 - 18*x - 3046. Determine u(-174).
86
Let v(r) = 3*r**2 + 83*r + 136. Give v(-25).
-64
Let j(z) = -z**2 + 19*z - 81. Calculate j(6).
-3
Let l(a) = -215*a - 867. Determine l(-4).
-7
Let i(k) = 37*k - 29. Determine i(-9).
-362
Let a(k) = k**3 + 25*k**2 + 64*k + 1607. Determine a(-25).
7
Let c(d) = 3*d**3 - 5*d**2 - 46*d - 71. Determine c(-4).
-159
Let g(n) = -426*n - 14916. Give g(-35).
-6
Let l(u) = -u**2 + 15*u - 2. Calculate l(13).
24
Let g(i) = -615*i + 5075. Calculate g(9).
-460
Let u(y) = -6*y**2 + 26*y + 87. Give u(-3).
-45
Let u(y) = y**2 - 28*y + 254. What is u(15)?
59
Let m(r) = -195*r - 1309. Give m(-6).
-139
Let d(h) = -313*h + 1258. Determine d(4).
6
Let l(p) = p**3 - 46*p**2 - 201*p + 70. Calculate l(50).
20
Let h(g) = -g**3 - 25*g**2 + 22*g - 99. Determine h(-26).
5
Let y(n) = -6*n**2 - 12*n + 18. Calculate y(-7).
-192
Let h(s) = 4*s**2 - 311*s + 260. What is h(77)?
29
Let x(d) = -d**3 - 70*d**2 + 148*d + 294. Give x(-72).
6
Let y(r) = 171*r + 4269. Calculate y(-25).
-6
Let n(i) = -3*i + 114. Calculate n(-9).
141
Let i(s) = 4*s + 18. Determine i(-2).
10
Let a(f) = 155*f**3 - 5*f**2 - 3*f + 1. What is a(-1)?
-156
Let v(r) = -21*r**2 - 22*r - 73. Give v(-5).
-488
Let q(l) = -2246*l - 20224. Determine q(-9).
-10
Let n(a) = 11*a - 37. What is n(10)?
73
Let h(i) = 117*i - 273. Give h(3).
78
Let b(g) = -g**3 + 12*g**2 - 25*g + 23. What is b(12)?
-277
Let z(c) = -5*c + 6. Determine z(3).
-9
Let s(b) = -3*b**3 - b**2 - 108*b + 108. What is s(1)?
-4
Let i(b) = -4*b**2 - 172*b + 548. Calculate i(-46).
-4
Let i(b) = 9*b**2 - 8*b - 24. Give i(-6).
348
Let q(f) = 193*f - 4191. Determine q(23).
248
Let h(q) = q**2 - 6*q - 436. Give h(-18).
-4
Let p(n) = -15*n**3 - 2*n**2 + 10*n + 5. Determine p(-3).
362
Let i(k) = -3*k**2 - 13*k + 17. Give i(-5).
7
Let n(v) = 65*v + 726. Calculate n(-10).
76
Let p(v) = -97*v + 166. Determine p(2).
-28
Let d(c) = 462*c + 1380. Determine d(-3).
-6
Let p(l) = l**3 + 11*l**2 + 53*l + 54. Determine p(-2).
-16
Let u(n) = -n**3 + 26*n**2 - 43*n - 134. Calculate u(24).
-14
Let o(j) = j**3 + 56*j**2 - 64*j - 342. Determine o(-57).
57
Let p(u) = u**3 + 22*u**2 + 72*u + 45. Give p(-3).
0
Let l(n) = 30*n**2 + 413*n + 2088. Calculate l(-5).
773
Let z(c) = -c**2 + 11*c + 285. Give z(-12).
9
Let s(b) = 2*b**2 - 10*b + 47. Determine s(